{"id":394,"date":"2020-11-02T14:21:40","date_gmt":"2020-11-02T17:21:40","guid":{"rendered":"http:\/\/sinflumar.com.br\/?page_id=394"},"modified":"2020-11-02T14:21:40","modified_gmt":"2020-11-02T17:21:40","slug":"nossos-valores","status":"publish","type":"page","link":"http:\/\/sinflumar.com.br\/index.php\/nossos-valores\/","title":{"rendered":"Nossos Valores"},"content":{"rendered":"<p>[vc_row][vc_column][vc_single_image image=&#8221;391&#8243; img_size=&#8221;full&#8221; alignment=&#8221;center&#8221;][\/vc_column][\/vc_row][vc_row][vc_column][vc_column_text]<strong>Miss\u00e3o<\/strong><\/p>\n<p>Representar, defender e manter os direitos trabalhistas de nossa classe econ\u00f4mica \u00e0 assist\u00eancia social, educacional, trabalhista, jur\u00eddica, com muita dedica\u00e7\u00e3o com a finalidade de elevar os princ\u00edpios \u00e9ticos da solidariedade e do civismo brasileiro.<\/p>\n<p><strong>Vis\u00e3o<\/strong><\/p>\n<p>Alcan\u00e7ar a amplitude do sindicalismo e transcender o paradigma sindical, atrav\u00e9s de a\u00e7\u00f5es pol\u00edticas a servi\u00e7o do segmento, comunidade e sociedade no exerc\u00edcio da cidadania.<\/p>\n<p><strong>Objetivo<\/strong><\/p>\n<p>Ser sindicato-cidad\u00e3o, um modelo para a categoria e a sociedade.[\/vc_column_text][\/vc_column][\/vc_row]<\/p>\n","protected":false},"excerpt":{"rendered":"<p>[vc_row][vc_column][vc_single_image image=&#8221;391&#8243; img_size=&#8221;full&#8221; alignment=&#8221;center&#8221;][\/vc_column][\/vc_row][vc_row][vc_column][vc_column_text]Miss\u00e3o Representar, defender e manter os direitos trabalhistas de nossa classe econ\u00f4mica \u00e0 assist\u00eancia social, educacional, trabalhista, jur\u00eddica, com muita dedica\u00e7\u00e3o com a finalidade de elevar os princ\u00edpios \u00e9ticos da solidariedade e do civismo brasileiro. Vis\u00e3o Alcan\u00e7ar a amplitude do sindicalismo e transcender o paradigma sindical, atrav\u00e9s de a\u00e7\u00f5es pol\u00edticas a servi\u00e7o [&hellip;]<\/p>\n","protected":false},"author":1,"featured_media":0,"parent":0,"menu_order":0,"comment_status":"closed","ping_status":"closed","template":"","meta":[],"_links":{"self":[{"href":"http:\/\/sinflumar.com.br\/index.php\/wp-json\/wp\/v2\/pages\/394"}],"collection":[{"href":"http:\/\/sinflumar.com.br\/index.php\/wp-json\/wp\/v2\/pages"}],"about":[{"href":"http:\/\/sinflumar.com.br\/index.php\/wp-json\/wp\/v2\/types\/page"}],"author":[{"embeddable":true,"href":"http:\/\/sinflumar.com.br\/index.php\/wp-json\/wp\/v2\/users\/1"}],"replies":[{"embeddable":true,"href":"http:\/\/sinflumar.com.br\/index.php\/wp-json\/wp\/v2\/comments?post=394"}],"version-history":[{"count":1,"href":"http:\/\/sinflumar.com.br\/index.php\/wp-json\/wp\/v2\/pages\/394\/revisions"}],"predecessor-version":[{"id":395,"href":"http:\/\/sinflumar.com.br\/index.php\/wp-json\/wp\/v2\/pages\/394\/revisions\/395"}],"wp:attachment":[{"href":"http:\/\/sinflumar.com.br\/index.php\/wp-json\/wp\/v2\/media?parent=394"}],"curies":[{"name":"wp","href":"https:\/\/api.w.org\/{rel}","templated":true}]}}